 What is the remainder when p is divided by 8?
6
Suppose -2*b + 42 = 2*v, 5*b + 133 = 5*v + 3*b. What is the remainder when 372 is divided by v?
22
Let k = 73 + -60. What is the remainder when 17 is divided by k?
4
Let z(q) = -5*q**3 - 3*q**2 - q - 1. Let p(g) = g**2 + 40*g + 375. Calculate the remainder when z(-2) is divided by p(-26).
7
Let o(a) = 4*a**2 - 12*a + 6. What is the remainder when o(8) is divided by 7*4/(1/6*7)?
22
Suppose -3*s + 4*z = 6, -5*z + 21 = s + 2*s. Suppose -2*x + 4*d = 2*d - 42, -2*x = s*d - 22. What is the remainder when 60 is divided by x?
12
Suppose 3*n + 16 = 5*z - 37, -z = 5*n + 79. Let l = 27 + n. Calculate the remainder when 27 is divided by l.
5
Let u = 1 - -41. Suppose o - m = 124, 167 = -5*o + m + 783. Calculate the remainder when o is divided by u.
39
Suppose 6*s - 88 - 3188 = 0. Calculate the remainder when s is divided by 61.
58
Let y(d) be the third derivative of -d**5/60 + d**4/2 + 13*d**3/6 + 9*d**2. Calculate the remainder when 44 is divided by y(12).
5
Let q(k) = -5*k**2 + 29*k - 11. Suppose 3*v = -j + 39, -4*v + 8*v = 3*j - 52. What is the remainder when j is divided by q(5)?
6
What is the remainder when 322 is divided by (-325)/(-20)*4/1?
62
Let w = 557 - 166. Calculate the remainder when w is divided by 49.
48
Let j be (-64)/288 - (-10)/(-9)*-2. Let n = 271 - -24. Suppose 3*x = -j*x + n. What is the remainder when x is divided by 15?
14
Let q(m) = 24*m + 50. What is the remainder when q(3) is divided by 86?
36
Let b(y) = 2*y - 11. Let d be b(7). Suppose d*u - 182 = 40. Suppose -w = w - u. What is the remainder when w is divided by 20?
17
Let l = -317 - -335. Calculate the remainder when 52 is divided by l.
16
Let g = 5 + -2. Suppose -5*y = g*h - 167, 3*y = h + 7*y - 58. What is the remainder when h is divided by 14?
12
Calculate the remainder when (-4)/10*-2677 - (-1412)/(-1765) is divided by 16.
14
Let f(b) = 6*b**2 + 2*b + 14. What is the remainder when 308 is divided by f(-3)?
60
Let h(l) = -l**2 + 10*l + 2. Calculate the remainder when 43 is divided by h(9).
10
Let b = -73 - -81. Calculate the remainder when 92 is divided by b.
4
Suppose 128*f - 133*f = -205. Let l = 48 - 27. What is the remainder when f is divided by l?
20
Let x(u) = -11*u + 252. What is the remainder when x(12) is divided by 38?
6
Let h(c) = c + 0*c - 4*c + 3. Let q be (-38)/10 + (-19)/95. Calculate the remainder when h(q) is divided by 6.
3
Suppose 8 = v + c, 4*v - 45 + 4 = -c. Let l(n) = v*n**3 - 4*n**2 - 1 - 7*n**3 - 3*n**3 + 2*n. Calculate the remainder when l(5) is divided by 9.
7
Suppose 3*p = f - 153, -p + 874 - 29 = 5*f. Suppose 0 = -2*s - d + 87, 4*s + 4*d + 0*d = f. Suppose 2*w + 3 = s. What is the remainder when 83 is divided by w?
20
Suppose 3*l = 5*i - 18, -i - 11 = -5*i - l. Suppose -i*o = -7*o + 88. Calculate the remainder when o is divided by 5.
2
Suppose -3*g + u + 28 = 0, -2*g + 2*u + 47 = 3*g. Suppose 0 = l + g - 28. Suppose 0*n + l = n. What is the remainder when 54 is divided by n?
16
Let u = -224 + 330. What is the remainder when u is divided by -140 + 164 + (1 - 0 - -2)?
25
Let g(s) = 73*s + 150. What is the remainder when g(0) is divided by 17?
14
Let q = -780 + 877. What is the remainder when 402 is divided by q?
14
Let b(i) be the second derivative of i**4/12 - 5*i**3/6 + 4*i**2 + i. Let x be b(-5). What is the remainder when (x/(-6))/((-12)/36) is divided by 16?
13
Let j(n) = -2*n**3 - 13*n**2 + n. Let h be j(-6). Let x = 66 + h. Calculate the remainder when x is divided by (4 - 1)*(-6)/(-2).
6
Suppose -13 = -3*l - 4. Suppose l - 8 = -h. Let y(p) = -p + 9. What is the remainder when h is divided by y(7)?
1
Suppose -f - 2*r + 7*r - 3 = 0, -4*f - 3*r - 12 = 0. Let x(d) = 30*d**2 + 3*d - 2. Calculate the remainder when x(1) is divided by f/(-18) + (-404)/(-24).
14
Let i(q) = q**3 + 29*q**2 - 26*q - 52. Calculate the remainder when i(-29) is divided by 11.
9
Suppose -3*k = -4*y + 180, 100 = 2*y - 5*k + k. What is the remainder when 160 is divided by y?
34
Suppose 4*q - 4 = 0, -4*z = -5*q - 0*q + 101. Let u = 31 + z. Suppose -3*a + 2*a = -25. What is the remainder when a is divided by u?
4
Let i be -76*((-20)/8 - -2). Suppose -21 = -s + i. What is the remainder when s is divided by 31?
28
Let o(r) = -2*r**3 + 10*r**2 + 4*r - 5. Let p(f) = -f + 19. Let w be p(14). What is the remainder when 43*((-4)/(-2) - 1) is divided by o(w)?
13
Let n(q) = 3*q**2 - 13*q - 1. What is the remainder when 50 is divided by n(6)?
21
Suppose 0 = -4*c + 4, -4*c = 2*o - 0*o - 20. Calculate the remainder when 71 is divided by o.
7
Suppose -y - 10 = -4*n, -y = 3*n + 2*n - 17. What is the remainder when 61 is divided by 24/(-9)*n*-2?
13
Let h = -250 + 328. Let w(d) = -d**3 + 8*d**2 - 3*d - 8. Let f be 3 - (-2 + (0 - 2)). What is the remainder when h is divided by w(f)?
18
Suppose -v + 180 - 90 = 0. What is the remainder when v is divided by 39?
12
Let q = 245 - 112. Suppose -225 - 519 = -4*h. Let x = h - q. What is the remainder when x is divided by 18?
17
Let d(j) = -j**2 + 13*j + 1. Suppose 12 = n + w, 2*w + 60 = 6*n - n. Let o(a) = 2*a - 2. What is the remainder when d(7) is divided by o(n)?
21
Suppose 4*n = 12, 4*v + 5*n = 6*v + 11. Suppose v*a - 6*a + 328 = 0. What is the remainder when a is divided by 22?
16
Let j be -34 + 1 + 42/(-7) + 5. Let i = j - -60. What is the remainder when i is divided by 11?
4
Let u = -446 - -450. Let j(r) be the first derivative of r**4/4 - 2*r**3 - 3*r**2 + 8*r + 1. What is the remainder when j(7) is divided by u?
3
Suppose -d = -4*q + 81, 7*d - 6*d + 18 = q. What is the remainder when 183 is divided by q?
15
Let b be (-22)/6 + (-14)/42. Let q(r) = -4*r + 7. Let l be q(b). Let k = l + -21. Calculate the remainder when 5 is divided by k.
1
Let a = 487 + -452. What is the remainder when a is divided by 6?
5
Let j(v) = v**2 + 9*v + 6. Calculate the remainder when j(-13) is divided by (14 - 4)*2 - (-2 + 1).
16
Suppose o = -j + 3*o + 2, j + 4 = 4*o. What is the remainder when 28 is divided by j?
4
Let g = 3 - -4. Suppose -4*i + 41 = -g. Calculate the remainder when 33 is divided by i.
9
Suppose a - 4*t + 67 = 4*a, 4*a + t = 85. Calculate the remainder when ((-99)/6 + 1)*-4 is divided by a.
20
What is the remainder when 82 is divided by (39 + 1)/2 - (-146)/73?
16
Let q(x) = -1. Let v(f) = -f**2 - f + 10. Let a(u) = -4*q(u) - v(u). Calculate the remainder when 23 is divided by a(-5).
9
Suppose -4*j = 2*c + 3*c - 209, 4*j + 4*c = 204. Suppose j - 1 = 3*d. Calculate the remainder when 53 is divided by d.
8
Let v(r) = r**3 + 8*r**2 - 18*r - 8. What is the remainder when 144 is divided by v(-9)?
71
Let z be 1*-2*(-136)/(-16). Let j = z + 71. Let b = j - 35. What is the remainder when b is divided by 11?
8
Suppose 120 = -y + 5*y. Suppose v - 6 = -2, -y = 2*j - 5*v. Let c = j + 12. What is the remainder when 20 is divided by c?
6
Calculate the remainder when ((-156)/(-10) - 2)/((-12)/(-2610)) is divided by 141.
138
Suppose -k = -7 + 2. Let u = -229 + 238. Calculate the remainder when u is divided by k.
4
Suppose 5*m + 88 = 468. Suppose 9*n = 11*n - m. Let f = n + 12. What is the remainder when f is divided by 17?
16
Let l(c) = 11*c**2 + 20*c - 60. What is the remainder when l(4) is divided by 111?
85
Let v = -43 + 98. Let w(q) = -2*q**3 - 4*q**2 + 5*q + 11. Calculate the remainder when v is divided by w(-3).
13
Let q(s) = -2*s**3 - 76*s**2 - 2*s - 28. Calculate the remainder when 112 is divided by q(-38).
16
Suppose 4*n - n = 15. Suppose -3*s + 3 = a, 0 = -a - 3*a + n*s + 12. Let m = a - -2. Calculate the remainder when m is divided by 4.
1
What is the remainder when 257 is divided by (-1464)/(-28) + (-12)/42?
49
Suppose 3*m + 15 = -0*m, 5*f - 220 = 4*m. Calculate the remainder when 3/((3 - 1)/2) - -74 is divided by f.
37
Let b be 2/(-1) - -5 - 4. Let u(g) = 31*g**2 - 1. Let z be u(b). Suppose t = -2*t + z. Calculate the remainder when 38 is divided by t.
8
Let x = 4 - -1. Let d(h) = 5*h**3 + 0*h**2 - 6 - 4*h**3 - 7*h - 4*h**3 - 5*h**2. What is the remainder when d(-2) is divided by x?
2
Let z = 564 + -520. Calculate the remainder when z is divided by 13.
5
Suppose 0*z - 333 = -9*z. Suppose 0 = 4*m + t + 4*t - z, -2 = m + 5*t. Calculate the remainder when 50 is divided by m.
11
Let o = 16 + -13. What is